 7
List the prime factors of 24769.
17, 31, 47
What are the prime factors of 1276?
2, 11, 29
What are the prime factors of 1143?
3, 127
List the prime factors of 79114.
2, 7, 5651
List the prime factors of 25855.
5, 5171
List the prime factors of 9530.
2, 5, 953
List the prime factors of 4792.
2, 599
What are the prime factors of 4075?
5, 163
What are the prime factors of 3138?
2, 3, 523
List the prime factors of 4604.
2, 1151
What are the prime factors of 108918?
2, 3, 2017
List the prime factors of 33392.
2, 2087
What are the prime factors of 1377?
3, 17
What are the prime factors of 2447?
2447
List the prime factors of 632.
2, 79
What are the prime factors of 8520?
2, 3, 5, 71
List the prime factors of 46370.
2, 5, 4637
List the prime factors of 674.
2, 337
What are the prime factors of 39477?
3, 13159
What are the prime factors of 1427?
1427
List the prime factors of 6977.
6977
What are the prime factors of 13469?
13469
What are the prime factors of 1079?
13, 83
What are the prime factors of 13002?
2, 3, 11, 197
List the prime factors of 256.
2
What are the prime factors of 37103?
11, 3373
List the prime factors of 259.
7, 37
List the prime factors of 813.
3, 271
List the prime factors of 58971.
3, 11, 1787
What are the prime factors of 31104?
2, 3
List the prime factors of 150114.
2, 3, 127, 197
List the prime factors of 3051.
3, 113
What are the prime factors of 16810?
2, 5, 41
What are the prime factors of 24792?
2, 3, 1033
List the prime factors of 142.
2, 71
What are the prime factors of 30600?
2, 3, 5, 17
What are the prime factors of 77797?
77797
List the prime factors of 2368.
2, 37
What are the prime factors of 845?
5, 13
What are the prime factors of 539?
7, 11
List the prime factors of 4866.
2, 3, 811
What are the prime factors of 7676?
2, 19, 101
What are the prime factors of 39676?
2, 7, 13, 109
List the prime factors of 17698.
2, 8849
What are the prime factors of 4467?
3, 1489
List the prime factors of 28.
2, 7
List the prime factors of 86697.
3, 13, 19
List the prime factors of 45765.
3, 5, 113
List the prime factors of 899.
29, 31
List the prime factors of 1903.
11, 173
List the prime factors of 25667.
25667
List the prime factors of 1339.
13, 103
List the prime factors of 57409.
11, 17, 307
What are the prime factors of 12107?
12107
List the prime factors of 2670.
2, 3, 5, 89
What are the prime factors of 2774?
2, 19, 73
List the prime factors of 23623.
23623
What are the prime factors of 3467?
3467
What are the prime factors of 24319?
83, 293
What are the prime factors of 89606?
2, 11, 4073
List the prime factors of 857.
857
List the prime factors of 2382.
2, 3, 397
List the prime factors of 27892.
2, 19, 367
List the prime factors of 319.
11, 29
List the prime factors of 24047.
139, 173
What are the prime factors of 111133?
11, 10103
List the prime factors of 48635.
5, 71, 137
List the prime factors of 2571.
3, 857
What are the prime factors of 2684?
2, 11, 61
What are the prime factors of 697?
17, 41
List the prime factors of 31178.
2, 7, 17, 131
List the prime factors of 21610.
2, 5, 2161
What are the prime factors of 147?
3, 7
What are the prime factors of 3714?
2, 3, 619
List the prime factors of 195.
3, 5, 13
List the prime factors of 56867.
19, 41, 73
What are the prime factors of 1268?
2, 317
List the prime factors of 33038.
2, 16519
List the prime factors of 5049.
3, 11, 17
What are the prime factors of 17012?
2, 4253
What are the prime factors of 1915?
5, 383
List the prime factors of 66.
2, 3, 11
What are the prime factors of 27774?
2, 3, 1543
List the prime factors of 339.
3, 113
What are the prime factors of 2049?
3, 683
What are the prime factors of 4466?
2, 7, 11, 29
List the prime factors of 53683.
7, 7669
List the prime factors of 872.
2, 109
What are the prime factors of 7213?
7213
What are the prime factors of 4418?
2, 47
List the prime factors of 2160.
2, 3, 5
What are the prime factors of 91985?
5, 18397
List the prime factors of 73694.
2, 36847
List the prime factors of 3633.
3, 7, 173
List the prime factors of 387.
3, 43
What are the prime factors of 87?
3, 29
What are the prime factors of 6012?
2, 3, 167
What are the prime factors of 10036?
2, 13, 193
List the prime factors of 122625.
3, 5, 109
What are the prime factors of 581?
7, 83
What are the prime factors of 53028?
2, 3, 491
List the prime factors of 51992.
2, 67, 97
What are the prime factors of 243?
3
What are the prime factors of 584?
2, 73
List the prime factors of 15300.
2, 3, 5, 17
List the prime factors of 17351.
17351
What are the prime factors of 1711?
29, 59
List the prime factors of 109977.
3, 7, 5237
What are the prime factors of 47?
47
What are the prime factors of 22450?
2, 5, 449
List the prime factors of 1414.
2, 7, 101
List the prime factors of 38990.
2, 5, 7, 557
List the prime factors of 519.
3, 173
What are the prime factors of 7706?
2, 3853
What are the prime factors of 8270?
2, 5, 827
List the prime factors of 200.
2, 5
List the prime factors of 615.
3, 5, 41
What are the prime factors of 21752?
2, 2719
What are the prime factors of 2910?
2, 3, 5, 97
List the prime factors of 7275.
3, 5, 97
List the prime factors of 40760.
2, 5, 1019
List the prime factors of 3067.
3067
What are the prime factors of 10911?
3, 3637
What are the prime factors of 19614?
2, 3, 7, 467
List the prime factors of 4044.
2, 3, 337
What are the prime factors of 59?
59
List the prime factors of 9040.
2, 5, 113
What are the prime factors of 1074?
2, 3, 179
What are the prime factors of 72492?
2, 3, 7, 863
What are the prime factors of 47883?
3, 11, 1451
List the prime factors of 28210.
2, 5, 7, 13, 31
What are the prime factors of 2285?
5, 457
What are the prime factors of 19221?
3, 43, 149
What are the prime factors of 7661?
47, 163
What are the prime factors of 110483?
17, 67, 97
List the prime factors of 9584.
2, 599
List the prime factors of 11268.
2, 3, 313
What are the prime factors of 8053?
8053
List the prime factors of 74479.
71, 1049
List the prime factors of 59462.
2, 13, 2287
What are the prime factors of 73374?
2, 3, 7, 1747
What are the prime factors of 14025?
3, 5, 11, 17
What are the prime factors of 5303?
5303
List the prime factors of 20298.
2, 3, 17, 199
List the prime factors of 4721.
4721
What are the prime factors of 1916?
2, 479
List the prime factors of 18853.
17, 1109
List the prime factors of 12932.
2, 53, 61
What are the prime factors of 1341?
3, 149
List the prime factors of 1065.
3, 5, 71
What are the prime factors of 1539?
3, 19
What are the prime factors of 423?
3, 47
List the prime factors of 344.
2, 43
What are the prime factors of 7055?
5, 17, 83
List the prime factors of 429.
3, 11, 13
List the prime factors of 6335.
5, 7, 181
List the prime factors of 2121.
3, 7, 101
List the prime factors of 290.
2, 5, 29
List the prime factors of 852.
2, 3, 71
What are the prime factors of 18737?
41, 457
What are the prime factors of 1496?
2, 11, 17
What are the prime factors of 5059?
5059
What are the prime factors of 6537?
3, 2179
What are the prime factors of 22441?
22441
List the prime factors of 2530.
2, 5, 11, 23
List the prime factors of 1485.
3, 5, 11
List the prime factors of 78433.
41, 1913
What are the prime factors of 8803?
8803
What are the prime factors of 30931?
30931
What are the prime factors of 28028?
2, 7, 11, 13
What are the prime factors of 13574?
2, 11, 617
What are the prime factors of 255?
3, 5, 17
What are the prime factors of 552?
2, 3, 23
What are the prime factors of 649?
11, 59
What are the prime factors of 289?
17
What are the prime factors of 783?
3, 29
List the prime factors of 564.
2, 3, 47
List the prime factors of 27120.
2, 3, 5, 113
What are the prime factors of 2276?
2, 569
What are the prime factors of 2178?
2, 3, 11
What are the prime factors of 11176?
2, 11, 127
What are the prime factors of 35588?
2, 7, 31, 41
What are the prime factors of 55574?
2, 37, 751
List the prime factors of 9362.
2, 31, 151
What are the prime factors of 1212?
2, 3, 101
What are the prime factors of 3641?
11, 331
What are the prime factors of 23395?
5, 4679
What are the prime factors of 683?
683
List the prime factors of 321.
3, 107
List the prime factors of 137179.
7, 19597
What are the prime factors of 4853